vided by (22 + -17)*16/f.
3
Let s = -133632 - -133668. What is the remainder when ((-6)/(-4))/(2/140) is divided by s?
33
Let v(d) = -d**3 - d**2 + d + 1. Let r be v(-2). Suppose 0 = r*h - 5*z - 18, -5*z - 6 = 9. What is the remainder when 141 is divided by 3*h/(3/36)?
33
Suppose 2*a + w = 30, w - 1 + 5 = 0. Calculate the remainder when (-5955)/(-35) + -2 - (-3)/(-21) is divided by a.
15
Let z(v) = -912*v - 5468. Let p(r) = r**3 - r**2 - 4*r + 3. Let m be p(2). Calculate the remainder when (m - -1) + 1*35 is divided by z(-6).
3
Suppose -533 = -5*x - 88. What is the remainder when x is divided by 9 + 22 - (-12 + 12)?
27
Let q(a) = 10*a**3 + 99*a**2 + 31*a + 30. What is the remainder when q(-8) is divided by 23?
9
Let f(t) = -t**2 - 65*t - 799. What is the remainder when 173 is divided by f(-47)?
32
Let a be ((-845)/(-52))/(6/(-8) + 1). Suppose 12 = 4*n - 0*n, -2*x + a = 5*n. Suppose 2*j + 0*j = 136. What is the remainder when j is divided by x?
18
Suppose 4*r - r = -3*d + 42, -29 = -4*r + 5*d. What is the remainder when r is divided by -1 + -1 + 10 + 1?
2
Let y be (473 - 1) + 4 + 1. Suppose 0 = 4*r - z - y, -4*r + z - 4*z = -457. Suppose -65*i + r = -63*i. What is the remainder when i is divided by 31?
28
Let q = -1324 + 1338. What is the remainder when 888 is divided by q?
6
Let u = 1 - -2. Suppose 220 = 8*r - u*r. Calculate the remainder when r is divided by (39 - -1)*(-5 - 27/(-5)).
12
What is the remainder when 84/16*(-3456)/(-81) is divided by 48?
32
Let x = 2170 - 2114. Calculate the remainder when 1081 is divided by x.
17
Let y(j) be the third derivative of j**5/12 + 2*j**4/3 - 16*j**3/3 - 2*j**2 - 37. What is the remainder when y(-8) is divided by 37?
12
Suppose 2*l - 3*l - 2*b + 28 = 0, -l + b = -40. Let n = l + -21. Calculate the remainder when 20 is divided by n.
5
Let o = -197 + 129. Let w = -142 - -283. Let n = o + w. What is the remainder when n is divided by 25?
23
Let r(b) = 2*b + 22. Suppose -15 = 2*j - 3. Let y be r(j). What is the remainder when 26 is divided by ((-14)/(-5))/(4/y)?
5
Let u = 814 + -813. Calculate the remainder when 246 is divided by (-14 + (-33 - -9))*(u - 3).
18
Suppose 44*x = -53*x + 90695. What is the remainder when x is divided by 8?
7
Let h = -1816 - -1909. What is the remainder when 452 is divided by h?
80
What is the remainder when 8 + 1 + 113/(4068/11664) is divided by 7?
4
Let r = -2015 + 2026. Calculate the remainder when 580 is divided by r.
8
Suppose -3*b + 39 = 2*r - 29, 2*r - 44 = 3*b. What is the remainder when (-13)/((-1170)/(-162)) + (-477)/(-15) is divided by r?
2
Calculate the remainder when 435 is divided by 14*-95*(-21)/245.
93
Let y = -3693 + 3717. What is the remainder when 1365 is divided by y?
21
Let n(f) = 7*f - 156. Let y be n(22). Let p(u) = 15*u**2 + 3*u - 3. What is the remainder when p(y) is divided by 29?
22
Suppose 0 = 23*o - 4*o + 285. Let d(n) = 2*n**2 + 19*n - 25. Calculate the remainder when d(o) is divided by 39.
23
Suppose -5*f = -3*f + 5*w - 243, -4*w + 244 = 2*f. Let q(r) = r + 67. What is the remainder when f is divided by q(-3)?
60
Suppose 5*m + 2*q - 292 = 0, -3*m + 2*q + 2*q + 196 = 0. Let s = -15 - -151. Suppose 0 = 5*n + s - 241. Calculate the remainder when m is divided by n.
18
Suppose 3*x + r = 11 - 7, x - 28 = 5*r. Suppose j - x*j + 125 = 3*v, 2*v - 81 = j. Calculate the remainder when v is divided by 25.
16
Suppose 264 - 276 = -4*a, -4*y = 3*a - 513. Calculate the remainder when 5288 is divided by y.
122
Suppose -20*v - 9*v = 3*v - 73504. What is the remainder when v is divided by 43?
18
Let s be (56/64)/((-3)/(-24)). Suppose 2*z - 98 = -5*u, s*u = 5*u + 2*z + 28. Calculate the remainder when 50 is divided by u.
14
Let l be 2/3 - 2/3. Suppose 3*p + 2*p + 46 = -4*a, p - 2 = l. Calculate the remainder when -2*(-3)/24 + a/(-8) is divided by 2.
0
Let w(s) = -10*s**2 + 166*s - 264. What is the remainder when 483 is divided by w(14)?
83
Let o = -127 + 111. Calculate the remainder when 12 is divided by 2/((-30)/(-69)) + o/(-40).
2
Let h(i) = i**2 - 22*i + 76. Let x be h(13). Let d = 243 - x. Calculate the remainder when d is divided by 15.
14
Suppose 50*t - 40158 + 4308 = 0. Calculate the remainder when t is divided by 48.
45
Let o(c) = c**2 + 82*c - 2905. Suppose -305 = -4*t - h, 5*t - t + 3*h - 315 = 0. Calculate the remainder when t is divided by o(-109).
37
Let b(p) = p**2 - 72. Calculate the remainder when 330 is divided by b(9).
6
Calculate the remainder when ((-41 - -21) + 60)*(0 + (-15)/(-6)) is divided by 23.
8
Suppose -x = -5*o - 246, 4*x = 5*o - 10*o + 1059. Let z = -16362 + 16429. What is the remainder when x is divided by z?
60
Suppose 0 = 1557*g - 1556*g - 95. Calculate the remainder when 248 is divided by g.
58
Suppose 0 = 3*a - 0*a - 33. Suppose 23 = a*w - 395. Let t(f) = f**2 - 13. What is the remainder when t(9) is divided by w?
30
What is the remainder when (-15402)/(-15) + (-1140)/(-950) is divided by 14?
6
Let z(x) = -171*x**2 + 1209*x - 7. Let p be 2/10 + (-574)/(-5). Suppose -2 = -3*m + p. What is the remainder when z(7) is divided by m?
38
Suppose 0 = -2*s - d + 7, 3*d + d = 5*s + 2. Suppose 15*z = s*z + 689. What is the remainder when z is divided by (6 + -7)/(2/(-58))?
24
Let n(v) = 7*v**3 + v**2 - 6*v + 5. Let q be n(1). Let c(p) = -p**2 + 16*p - 10. Calculate the remainder when 102 is divided by c(q).
49
Let u(p) = -p**2 + 14*p + 225. What is the remainder when u(18) is divided by 12?
9
Suppose 2*q + 2*q - 18 = -5*l, 0 = q - 2. Suppose -4*m + 28 = -3*u, -l*m - 6*u - 12 = -u. What is the remainder when 12 + 2*(-2)/m is divided by 1?
0
Let x = -7394 - -7438. Calculate the remainder when 2153 is divided by x.
41
Let b(y) = y + 10. Let j be b(-6). Suppose j*w + w - 505 = 0. Suppose 0 = -12*o + 50*o - 25*o - 455. What is the remainder when w is divided by o?
31
Let d = 73 - -4. Let k = d + -180. Let c = 107 + k. Calculate the remainder when 29 is divided by c.
1
Let f be -3 - ((-2 - -17) + 3). Let p = 32 + f. Suppose 0 = -5*q - 59 + 269. What is the remainder when q is divided by p?
9
What is the remainder when 511*(-49)/(686/(-12)) is divided by 88?
86
Let u = -876 - -1018. Calculate the remainder when 145 is divided by u.
3
Let g = 68 - 156. Let h = g + 147. Calculate the remainder when h is divided by (2 + -4)*(-18)/4.
5
Suppose 0 = 4*r - 12*j + 9*j + 8, 5*j = 20. Let c(s) = 30*s**2 - s + 1. What is the remainder when c(1) is divided by (-1)/(60/(-55) + r)?
8
Let g = -56 - -138. Suppose 3*j - 20 = -14. Suppose p - 10 - 2 = -2*r, -j*p + 2*r + 54 = 0. Calculate the remainder when g is divided by p.
16
Suppose 2*l = 6, 0*l = -3*d + 3*l + 153. Let o(m) = -m**2 + 31*m - 96. Calculate the remainder when d is divided by o(4).
6
Suppose 5*z = 25, 5*c - 11*z + 10*z - 630 = 0. Calculate the remainder when c is divided by 17.
8
Let g = 3 - -517. Calculate the remainder when 3/(12/g) + 6 is divided by 28.
24
Suppose -2*a - a - 2*j + 40 = 0, 2*a - 34 = -5*j. Let g(s) = 21*s + 9. Let z be g(7). Let q = z + -99. What is the remainder when q is divided by a?
9
Let d = -3435 - -3510. What is the remainder when 1497 is divided by d?
72
Suppose -2*f = -5*z - 512, 89 - 857 = -3*f - 4*z. Suppose 2*y + 94 = f. Calculate the remainder when y is divided by 31.
19
Let k(r) = 12*r**2 - 2*r + 1. Let g be (-15)/(-18) + (-11)/(-66). What is the remainder when 130 is divided by k(g)?
9
Let j(s) = s**3 - 4*s**2 + 7*s + 3. Let o(l) = -5618*l - 16834. Calculate the remainder when j(6) is divided by o(-3).
17
Let z = 10798 - 10665. What is the remainder when z is divided by 50?
33
Let w(n) = -n**2 + 30*n - 120. What is the remainder when 167 is divided by w(11)?
78
Suppose -534*y + 1277 = -2277 - 2854. Calculate the remainder when 9320 is divided by y.
8
Let l(d) = d + 5. Let y be l(0). Suppose -c = -5*p + y + 6, 1 = c - 2*p. Suppose 0 = 53*z + 22 - 234. What is the remainder when c is divided by z?
1
Suppose -573 = -73*s + 3369. Calculate the remainder when s is divided by 2/(-6) - 273/(-9).
24
Let a be 2/(44/12 - 5)*-2. Suppose l - 22 = -5*d + 13, -l + a*d + 27 = 0. What is the remainder when 237 is divided by l?
27
Suppose -6*g + 453 + 75 = 0. Suppose -60*d = -64*d + 2*h + 56, -d - 3*h + 21 = 0. Calculate the remainder when g is divided by d.
13
Let v(m) = 3*m**2 +